5
What is the hundred thousands digit of 5189122?
1
What is the ten thousands digit of 957973?
5
What is the tens digit of 2986270?
7
What is the units digit of 2069879?
9
What is the tens digit of 1150438?
3
What is the hundreds digit of 29625?
6
What is the units digit of 1885201?
1
What is the units digit of 266298?
8
What is the hundreds digit of 16969254?
2
What is the tens digit of 513578?
7
What is the units digit of 652373?
3
What is the units digit of 98206?
6
What is the hundred thousands digit of 413062?
4
What is the millions digit of 19851603?
9
What is the ten millions digit of 11383715?
1
What is the units digit of 100494?
4
What is the hundreds digit of 362207?
2
What is the hundreds digit of 513837?
8
What is the hundreds digit of 305264?
2
What is the units digit of 5652605?
5
What is the thousands digit of 2188206?
8
What is the hundreds digit of 747541?
5
What is the hundreds digit of 521961?
9
What is the units digit of 23313279?
9
What is the thousands digit of 429871?
9
What is the tens digit of 56268?
6
What is the hundreds digit of 5751346?
3
What is the tens digit of 5008254?
5
What is the hundred thousands digit of 11206202?
2
What is the thousands digit of 1672118?
2
What is the thousands digit of 33217?
3
What is the ten thousands digit of 71900?
7
What is the hundreds digit of 19848325?
3
What is the tens digit of 239945?
4
What is the hundreds digit of 14311193?
1
What is the thousands digit of 3223663?
3
What is the thousands digit of 627925?
7
What is the tens digit of 349698?
9
What is the hundred thousands digit of 10120077?
1
What is the ten thousands digit of 1134790?
3
What is the ten thousands digit of 582532?
8
What is the millions digit of 1033156?
1
What is the tens digit of 901389?
8
What is the thousands digit of 1558281?
8
What is the ten millions digit of 25625858?
2
What is the hundred thousands digit of 9201150?
2
What is the hundreds digit of 3946878?
8
What is the tens digit of 457902?
0
What is the ten thousands digit of 1335286?
3
What is the units digit of 111918?
8
What is the tens digit of 395082?
8
What is the tens digit of 372380?
8
What is the units digit of 570173?
3
What is the units digit of 11020293?
3
What is the tens digit of 881902?
0
What is the hundred thousands digit of 1251784?
2
What is the hundreds digit of 1926031?
0
What is the tens digit of 19141557?
5
What is the tens digit of 1613359?
5
What is the thousands digit of 280534?
0
What is the millions digit of 2860846?
2
What is the millions digit of 21962036?
1
What is the hundred thousands digit of 212092?
2
What is the units digit of 1276388?
8
What is the tens digit of 776220?
2
What is the thousands digit of 203984?
3
What is the ten thousands digit of 2389849?
8
What is the thousands digit of 7223?
7
What is the millions digit of 1603474?
1
What is the tens digit of 271796?
9
What is the tens digit of 13196806?
0
What is the hundred thousands digit of 1656698?
6
What is the ten thousands digit of 7204702?
0
What is the ten thousands digit of 2786873?
8
What is the units digit of 4209141?
1
What is the tens digit of 311089?
8
What is the thousands digit of 164035?
4
What is the thousands digit of 4241954?
1
What is the hundreds digit of 430347?
3
What is the ten thousands digit of 1636867?
3
What is the ten thousands digit of 122460?
2
What is the ten thousands digit of 383603?
8
What is the hundred thousands digit of 928101?
9
What is the hundred thousands digit of 387134?
3
What is the millions digit of 17415425?
7
What is the ten thousands digit of 1444298?
4
What is the ten thousands digit of 977426?
7
What is the hundreds digit of 1277312?
3
What is the hundred thousands digit of 292641?
2
What is the units digit of 779206?
6
What is the hundred thousands digit of 107019?
1
What is the hundred thousands digit of 550019?
5
What is the hundred thousands digit of 2694113?
6
What is the tens digit of 3298356?
5
What is the ten thousands digit of 8127669?
2
What is the tens digit of 88396?
9
What is the hundred thousands digit of 209038?
2
What is the millions digit of 10020944?
0
What is the thousands digit of 343851?
3
What is the tens digit of 7746357?
5
What is the ten millions digit of 30800679?
3
What is the units digit of 1117277?
7
What is the units digit of 4618673?
3
What is the thousands digit of 256436?
6
What is the thousands digit of 46154?
6
What is the tens digit of 413491?
9
What is the hundreds digit of 679731?
7
What is the thousands digit of 15410031?
0
What is the tens digit of 278351?
5
What is the thousands digit of 4908445?
8
What is the tens digit of 59256?
5
What is the thousands digit of 2760925?
0
What is the units digit of 212152?
2
What is the tens digit of 352713?
1
What is the ten thousands digit of 12770932?
7
What is the thousands digit of 146663?
6
What is the ten thousands digit of 852362?
5
What is the units digit of 38661?
1
What is the thousands digit of 4733314?
3
What is the tens digit of 447793?
9
What is the ten thousands digit of 50950?
5
What is the hundreds digit of 398014?
0
What is the tens digit of 31671316?
1
What is the units digit of 1933038?
8
What is the hundred thousands digit of 1361873?
3
What is the tens digit of 8798571?
7
What is the units digit of 499047?
7
What is the units digit of 179014?
4
What is the hundred thousands digit of 307927?
3
What is the tens digit of 3327769?
6
What is the thousands digit of 4153002?
3
What is the ten millions digit of 20907572?
2
What is the hundreds digit of 111188?
1
What is the ten thousands digit of 1359526?
5
What is the ten thousands digit of 250492?
5
What is the hundreds digit of 29506?
5
What is the millions digit of 6634880?
6
What is the thousands digit of 11303008?
3
What is the units digit of 98199?
9
What is the ten thousands digit of 3430745?
3
What is the hundreds digit of 236323?
3
What is the tens digit of 195574?
7
What is the hundreds digit of 3452461?
4
What is the tens digit of 338508?
0
What is the hundreds digit of 13233894?
8
What is the hundreds digit of 553453?
4
What is the units digit of 2524226?
6
What is the ten thousands digit of 309781?
0
What is the thousands digit of 212245?
2
What is the millions digit of 7064272?
7
What is the thousands digit of 419338?
9
What is the thousands digit of 1198705?
8
What is the thousands digit of 941049?
1
What is the units digit of 4694790?
0
What is the hundred thousands digit of 3892857?
8
What is the hundreds digit of 370506?
5
What is the millions digit of 8438898?
8
What is the tens digit of 207417?
1
What is the ten thousands digit of 25293458?
9
What is the millions digit of 1312857?
1
What is the millions digit of 2508881?
2
What is the hundred thousands digit of 187611?
1
What is the units digit of 6821950?
0
What is the ten thousands digit of 8207851?
0
What is the thousands digit of 221196?
1
What is the units digit of 235192?
2
What is the hundreds digit of 563637?
6
What is the ten thousands digit of 3981548?
8
What is the tens digit of 4715094?
9
What is the ten thousands digit of 9202842?
0
What is the millions digit of 4322518?
4
What is the millions digit of 1401971?
1
What is the hundred thousands digit of 243479?
2
What is the units digit of 9817?
7
What is the units digit of 595673?
3
What is the tens digit of 89689?
8
What is the units digit of 800?
0
What is the units digit of 461943?
3
What is the hundred thousands digit of 3559878?
5
What is the hundred thousands digit of 1106875?
1
What is the ten thousands digit of 288841?
8
What is the tens digit of 4495121?
2
What is the hundreds digit of 856978?
9
What is the units digit of 645626?
6
What is the hundred thousands digit of 1754311?
7
What is the tens digit of 1284078?
7
What is the thousands digit of 636002?
6
What is the ten thousands digit of 8400980?
0
What is the thousands digit of 9914464?
4
What is the ten thousands digit of 1708669?
0
What is the hundred thousands digit of 928284?
9
What is the thousands digit of 161879?
1
What is the units digit of 3326458?
8
What is the hundreds digit of 1333990?
9
What is the tens digit of 276019?
1
What is the units digit of 252309?
9
What is the tens digit of 574422?
2
What is the hundred thousands digit of 393570?
3
What is the